s divided by 41?
9
Calculate the remainder when 63516 is divided by 31753.
10
What is the remainder when 2441 is divided by 34?
27
Calculate the remainder when 33060 is divided by 189.
174
Calculate the remainder when 126813 is divided by 50.
13
What is the remainder when 11643 is divided by 16?
11
Calculate the remainder when 67754 is divided by 15.
14
What is the remainder when 1793 is divided by 39?
38
Calculate the remainder when 28206 is divided by 79.
3
Calculate the remainder when 47309 is divided by 82.
77
What is the remainder when 314743 is divided by 157370?
3
Calculate the remainder when 691 is divided by 314.
63
Calculate the remainder when 23485 is divided by 7821.
22
Calculate the remainder when 91646 is divided by 130.
126
Calculate the remainder when 255912 is divided by 495.
492
Calculate the remainder when 226283 is divided by 654.
653
What is the remainder when 7763 is divided by 410?
383
Calculate the remainder when 266107 is divided by 128.
123
Calculate the remainder when 485 is divided by 444.
41
Calculate the remainder when 16442 is divided by 1026.
26
Calculate the remainder when 112960 is divided by 72.
64
What is the remainder when 2402 is divided by 114?
8
Calculate the remainder when 2607 is divided by 80.
47
Calculate the remainder when 899217 is divided by 210.
207
What is the remainder when 818908 is divided by 135?
133
What is the remainder when 17673 is divided by 563?
220
What is the remainder when 44254 is divided by 8843?
39
What is the remainder when 99385 is divided by 2686?
3
What is the remainder when 10639 is divided by 133?
132
What is the remainder when 7799 is divided by 7799?
0
Calculate the remainder when 5839 is divided by 42.
1
Calculate the remainder when 19702 is divided by 6559.
25
What is the remainder when 69855 is divided by 9?
6
Calculate the remainder when 24523 is divided by 89.
48
What is the remainder when 22621 is divided by 396?
49
What is the remainder when 129395 is divided by 157?
27
What is the remainder when 16561 is divided by 3305?
36
What is the remainder when 4113 is divided by 3978?
135
Calculate the remainder when 27188 is divided by 6797.
0
What is the remainder when 15589 is divided by 3363?
2137
What is the remainder when 14335 is divided by 343?
272
Calculate the remainder when 18412 is divided by 268.
188
What is the remainder when 4842 is divided by 393?
126
What is the remainder when 12015 is divided by 729?
351
What is the remainder when 149587 is divided by 1205?
167
What is the remainder when 16158 is divided by 359?
3
What is the remainder when 191177 is divided by 14704?
25
Calculate the remainder when 33758 is divided by 2109.
14
Calculate the remainder when 10881 is divided by 2141.
176
What is the remainder when 152027 is divided by 369?
368
Calculate the remainder when 164843 is divided by 723.
722
What is the remainder when 1314 is divided by 374?
192
What is the remainder when 12127 is divided by 202?
7
What is the remainder when 30097 is divided by 187?
177
What is the remainder when 31937 is divided by 7984?
1
What is the remainder when 34735 is divided by 8677?
27
Calculate the remainder when 2788 is divided by 97.
72
Calculate the remainder when 53929 is divided by 192.
169
Calculate the remainder when 27656 is divided by 107.
50
What is the remainder when 28179 is divided by 427?
424
Calculate the remainder when 61701 is divided by 110.
101
Calculate the remainder when 530812 is divided by 16.
12
What is the remainder when 2729 is divided by 254?
189
What is the remainder when 33051 is divided by 11001?
48
Calculate the remainder when 279136 is divided by 254.
244
What is the remainder when 239178 is divided by 129?
12
Calculate the remainder when 1436546 is divided by 8.
2
What is the remainder when 45373 is divided by 90?
13
What is the remainder when 24421 is divided by 886?
499
What is the remainder when 9340 is divided by 6?
4
What is the remainder when 1153036 is divided by 232?
228
Calculate the remainder when 58577 is divided by 6.
5
Calculate the remainder when 217511 is divided by 54368.
39
Calculate the remainder when 1196 is divided by 1157.
39
What is the remainder when 564795 is divided by 160?
155
Calculate the remainder when 10345 is divided by 1721.
19
What is the remainder when 4610 is divided by 758?
62
Calculate the remainder when 23785 is divided by 13.
8
Calculate the remainder when 2456 is divided by 2409.
47
What is the remainder when 12854175 is divided by 34?
33
What is the remainder when 339489 is divided by 114?
111
What is the remainder when 86917 is divided by 98?
89
What is the remainder when 30581 is divided by 15?
11
What is the remainder when 4434496 is divided by 18?
16
Calculate the remainder when 36972 is divided by 122.
6
Calculate the remainder when 5365 is divided by 337.
310
Calculate the remainder when 140784 is divided by 20108.
28
What is the remainder when 10819 is divided by 109?
28
What is the remainder when 172126 is divided by 32?
30
Calculate the remainder when 16545 is divided by 301.
291
Calculate the remainder when 27807 is divided by 135.
132
What is the remainder when 304215 is divided by 30?
15
Calculate the remainder when 11031 is divided by 149.
5
Calculate the remainder when 3395 is divided by 276.
83
Calculate the remainder when 6078 is divided by 2003.
69
Calculate the remainder when 27430 is divided by 703.
13
Calculate the remainder when 158853 is divided by 21.
9
What is the remainder when 344126 is divided by 172058?
10
What is the remainder when 21705 is divided by 1446?
15
Calculate the remainder when 23820 is divided by 54.
6
Calculate the remainder when 16849 is divided by 16826.
23
Calculate the remainder when 5218 is divided by 2405.
408
Calculate the remainder when 6721 is divided by 144.
97
Calculate the remainder when 3877 is divided by 42.
13
What is the remainder when 14129 is divided by 2353?
11
Calculate the remainder when 56398 is divided by 150.
148
What is the remainder when 5014 is divided by 18?
10
What is the remainder when 41815 is divided by 13?
7
Calculate the remainder when 6399 is divided by 30.
9
What is the remainder when 26375 is divided by 8747?
134
Calculate the remainder when 166975 is divided by 759.
754
What is the remainder when 8449 is divided by 2812?
13
What is the remainder when 12508 is divided by 9?
7
What is the remainder when 725583 is divided by 141?
138
Calculate the remainder when 854 is divided by 809.
45
What is the remainder when 4631 is divided by 482?
293
What is the remainder when 877389 is divided by 47?
40
What is the remainder when 73012 is divided by 2355?
7
What is the remainder when 3450 is divided by 257?
109
Calculate the remainder when 143958 is divided by 47.
44
What is the remainder when 10219 is divided by 293?
257
Calculate the remainder when 417333 is divided by 8.
5
What is the remainder when 127 is divided by 53?
21
What is the remainder when 7384 is divided by 388?
12
What is the remainder when 447689 is divided by 236?
233
Calculate the remainder when 628743 is divided by 86.
83
What is the remainder when 29647 is divided by 406?
9
What is the remainder when 5133 is divided by 109?
10
What is the remainder when 9096 is divided by 1005?
51
Calculate the remainder when 14673 is divided by 79.
58
Calculate the remainder when 1445 is divided by 229.
71
Calculate the remainder when 63320 is divided by 119.
12
What is the remainder when 1187 is divided by 31?
9
What is the remainder when 3372 is divided by 269?
144
Calculate the remainder when 37598 is divided by 27.
14
Calculate the remainder when 5833 is divided by 578.
53
Calculate the remainder when 328607 is divided by 126.
125
What is the remainder when 6111 is divided by 48?
15
What is the remainder when 2634 is divided by 319?
82
What is the remainder when 12373 is divided by 11?
9
Calculate the remainder when 9862 is divided by 72.
70
Calculate the remainder when 454062 is divided by 148.
146
Calculate the remainder when 3032 is divided by 164.
80
What is the remainder when 51610 is divided by 25649?
312
What is the remainder when 3168 is divided by 318?
306
Calculate the remainder when 1610 is divided by 4.
2
What is the remainder when 10705 is divided by 666